5/50). Calculate the highest common factor of 16 and k.
16
Suppose -3*s = 5 - 44. Let k(v) be the first derivative of 3*v**4 - 3*v**2/2 + v + 2. Let r be k(2). What is the greatest common divisor of s and r?
13
Let d be 6*465/10 + -4. Calculate the greatest common divisor of 25 and d.
25
Suppose p = -0*p. Suppose 0*t - 3*t + 30 = p. Let b = 9 - 5. Calculate the highest common factor of t and b.
2
Suppose h - 2*h + 8 = 0. Let n be (h/10)/(8/140). What is the greatest common divisor of 21 and n?
7
Let v be 32/6 + (-9)/27. What is the greatest common divisor of 5 and v?
5
Suppose -y + 1268 = 5*q, 3*q + y = -0*q + 762. What is the highest common factor of 23 and q?
23
Let w(z) = -z**3 - 2*z**2 + 3*z + 2. Let b be w(-3). Suppose -80 = b*p + 44. Let d = -35 - p. Calculate the highest common factor of d and 9.
9
Suppose 0 = w - 4*q - 20, 0 = 3*w + 2*q - q - 47. Suppose 0 = -4*p, 4*p + w = 3*s - 14. Calculate the greatest common divisor of 50 and s.
10
Suppose -3*x - 7 = -2*k, -4*x - 3 - 9 = -3*k. Calculate the highest common divisor of k and 24.
8
Let i be -4 + (23 - 1) - 1. Let t(q) = -10*q + 8. Let b be t(-6). Calculate the greatest common factor of i and b.
17
Let k = 0 + 10. Let a be (-4)/(-10) - (-990)/25. Calculate the greatest common divisor of k and a.
10
Let h(x) = 2*x**2 - 11*x + 3. Suppose 5*w - 40 = -5*n, 41 - 8 = 4*w + 3*n. Let r be h(w). What is the highest common divisor of r and 6?
6
Let x(s) = 5 - 21*s - 1 + 4*s - 7*s. Let j be x(-2). What is the highest common factor of 13 and j?
13
Let r = 21 + -13. Suppose -2*a + 4*a = 8. Let l be a/3*(4 - -2). What is the highest common divisor of l and r?
8
Suppose -d - 4 = 3. Let s = 30 + d. What is the greatest common factor of s and 92?
23
Let d = 14 + -7. Let h = 17 + -10. What is the highest common divisor of d and h?
7
Let i be (-99)/(-3) - 4/((-16)/(-12)). What is the greatest common divisor of 15 and i?
15
Let u(w) be the first derivative of w**4/4 + w**3 - 2*w**2 - w - 1. Let j be u(-4). Let y = j - -19. What is the highest common divisor of 90 and y?
18
Let x = 12 - -3. Calculate the highest common factor of x and 3.
3
Suppose 2*r - 3 = 1, 3*v - 4*r - 34 = 0. Calculate the greatest common divisor of v and 7.
7
Let h = -44 - -63. What is the greatest common divisor of h and 95?
19
Let y be 666/54 - (-4)/6. What is the highest common divisor of y and 26?
13
Suppose 0*q = 5*q - 40. Let c = q - 6. Let b = c + 1. Calculate the greatest common divisor of 3 and b.
3
Suppose -3*j + 3*m = -15, m + 12 = 5*j - 9. Calculate the highest common factor of j and 2.
2
Suppose -3*f = -2*f - 3*p - 9, -2*p = 3*f - 38. Let y = -10 + f. Suppose 114 = y*q - 6. Calculate the highest common divisor of q and 24.
12
Let y be (3/2)/(6/84). What is the greatest common factor of y and 14?
7
Suppose 2*k - 36 = 3*d - 4*d, -72 = -4*k - d. Suppose -5*c + a + 86 = 0, 2*c + 4*a + 74 = 7*c. Calculate the greatest common factor of k and c.
18
Suppose 30 = -3*g + 8*g. Suppose 4*r + 190 - 40 = 5*t, 5*t + 5*r - 150 = 0. What is the highest common divisor of t and g?
6
Let n = 159 - 96. Suppose j = 3*j - 2*m - 14, 0 = 5*j + 3*m - 51. Calculate the greatest common divisor of n and j.
9
Let c = -21 - -45. Suppose 0 = j - 47 - 49. Calculate the highest common factor of c and j.
24
Let o be (18/12)/(1/6). What is the greatest common divisor of o and 99?
9
Suppose -o + 29 = -34. What is the highest common factor of 7 and o?
7
Let k be (-422)/(-10) - (-8)/(-40). What is the greatest common factor of 63 and k?
21
Suppose 0 = 5*s - 2*d - 2250, 0 = 4*s + 2*d - d - 1813. Let v be (-1)/(s/(-448) - -1). Calculate the highest common divisor of 16 and v.
16
Let a be 8 - 9 - -4 - (-4)/1. Let n = -1 + 1. Suppose 0*z - z + 28 = n. Calculate the highest common divisor of a and z.
7
Suppose 4*c - 9 + 1 = 0. Suppose 0 = 3*b + c*j - 209 - 195, -2*j + 8 = 0. What is the greatest common factor of 12 and b?
12
Let u be ((-9)/3)/(-3) - -94. Let i = -5 - -9. Suppose -54 = -w - i*a, 2*w - 64 = 2*a + a. Calculate the highest common divisor of w and u.
19
Suppose -18 = -3*o - 0*o. Suppose 0 = o*w + 38 - 248. What is the highest common divisor of 7 and w?
7
Suppose 7*o - 1168 + 237 = 0. Suppose -4*p + 76 = -2*v, 4*v = 5*p - 114 + 19. Calculate the greatest common divisor of p and o.
19
Let d be (2/3)/(10/45). Suppose 9 = -d*v, 0 = -g + 3*v + 3 + 19. What is the greatest common factor of g and 117?
13
Suppose -3*r - 134 = -5*r - 3*v, 2*r - 144 = 2*v. Let h(p) = -p**2 + 7*p - 3. Let f be h(5). Calculate the highest common divisor of r and f.
7
Let k = -5 + 32. What is the greatest common divisor of k and 189?
27
Let q be -2*(-2 + (-1)/(-2)). Suppose 0 = 3*x + 6*v - 3*v - 15, -4*x = -4*v - 52. What is the highest common factor of x and q?
3
Let f(v) = v**2 + 9*v + 10. Let p be f(-8). Suppose u = -p*u + 48. Suppose -4*d + 103 = -25. Calculate the greatest common divisor of u and d.
16
Suppose 2*f + 250 = 2*k + 48, 501 = 5*k - 3*f. Let a be ((-10)/(-6) + 2)*3. Calculate the highest common divisor of a and k.
11
Let m(h) = h**2 - 16*h + 10. Let v be m(16). Suppose -2*l + 3*g = -1, -5*g + 13 = 4*l - 0. Calculate the greatest common factor of l and v.
2
Let t = 311 - 113. Calculate the highest common divisor of t and 18.
18
Suppose -4*r + 4*a + a = -30, 3*r = -5*a + 40. Calculate the highest common factor of 30 and r.
10
Let d = 24 - 16. Suppose 0 = 4*x - d*x + 88. What is the greatest common factor of x and 11?
11
Let j = -4 - -7. Let n be j/2*-1*-2. Let u = 20 + -14. What is the highest common factor of u and n?
3
Let r be (9/4)/((-1)/(-16)). Let x(d) = 2*d - 8. Let k(m) = m**3 - 2. Let q be k(2). Let n be x(q). Calculate the highest common factor of n and r.
4
Let s be 105/9 - (-1)/3. Calculate the greatest common factor of s and 108.
12
Let x = 25 + -15. Let v = 16 - 14. Suppose 0 = v*h - 7 - 213. What is the highest common divisor of h and x?
10
Let p(w) = -w**2 - 12*w - 6. Let g be p(-8). What is the greatest common divisor of 2 and g?
2
Suppose -99 = -7*z + 139. Calculate the highest common factor of 34 and z.
34
Let z = 0 - -1. Suppose f + z = 11. Suppose 0 = 2*p - 3*p - 2*g + 78, 0 = -2*g - 2. What is the highest common divisor of f and p?
10
Let s = 2 + 1. Let i be ((-30)/s)/(3/(-15)). Suppose 0 = -2*t - 3*a + 8, 30 = 3*t + 2*a + 8. What is the greatest common divisor of i and t?
10
Let c(n) = -n + 11. Let z be c(8). Calculate the greatest common factor of z and 12.
3
Let x = -139 - -155. Calculate the highest common divisor of x and 136.
8
Suppose -6*c = -2*c - 80. Suppose 6*d = 2*d + c. Calculate the highest common divisor of 45 and d.
5
Let d = 39 - 25. Suppose 2*y - 74 = -4*b, -b - y + 4*y + 36 = 0. What is the greatest common divisor of b and d?
7
Suppose f - 22 = 12. Let w(v) = 5*v**2 + v. Let t be w(-1). Suppose 0 = t*g - 93 - 111. What is the greatest common factor of g and f?
17
Suppose 0 = -0*r + 4*r + 248. Let l = 92 + r. Let h(i) = i**2 + 3. Let u be h(3). Calculate the highest common factor of l and u.
6
Let q(n) = -n**2 + 6*n - 9. Let x be q(8). Let s be ((-6)/(-5))/((-2)/x). Calculate the highest common divisor of s and 30.
15
Let q = -46 + 56. What is the greatest common factor of 2 and q?
2
Suppose -3 + 25 = 3*o - 5*y, -o - 2*y = 0. Let p = o + -2. Let a be 2 + (-1 - p - -13). Calculate the highest common factor of a and 12.
12
Let m(n) be the first derivative of 15*n**2/2 + 1. Suppose -2*s + s + 4 = 0. Let o be m(s). Calculate the highest common divisor of o and 24.
12
Suppose 0 = -3*o + 3*x + 27, -4*x + 0 - 8 = -2*o. Let b = -38 + 66. What is the greatest common divisor of b and o?
14
Let v(i) = -i - 4. Let q(h) = -h**3 - 4*h**2 - 4*h - 3. Let a be q(-2). Let d be v(a). Let s = 3 - d. What is the greatest common divisor of 24 and s?
4
Suppose -23 = s - 5. Let c = 3 - s. Let d be 3 + 6*27/2. Calculate the highest common divisor of d and c.
21
Suppose 6*g - 2*g = 20. Suppose 6 = -4*p + 4*u - 14, -5*p - g = -u. Suppose p = -0*n + 4*n - 36. What is the highest common divisor of n and 36?
9
Suppose 2*y = -0*c - c + 27, -12 = -4*c. What is the greatest common divisor of 24 and y?
12
Let l(x) = 2*x**2 - 4*x - 6. Let u be l(-4). Let y = -28 + u. Let s = 14 + 0. Calculate the highest common factor of s and y.
14
Let b = 54 - 14. Calculate 